{"id":37201,"date":"2025-12-27T13:00:29","date_gmt":"2025-12-27T13:00:29","guid":{"rendered":"https:\/\/www.infinitri.be\/?post_type=product&#038;p=37201"},"modified":"2026-04-04T17:33:20","modified_gmt":"2026-04-04T16:33:20","slug":"compressport-trail-racing-2-in-1-short-homme-green-camo","status":"publish","type":"product","link":"https:\/\/www.infinitri.be\/de\/produkt\/compressport-trail-racing-2-in-1-short-homme-green-camo\/","title":{"rendered":"Compressport Trail Racing 2-in-1-Shorts f\u00fcr Herren, gr\u00fcn camouflage"},"content":{"rendered":"<p>Le nouveau boxer int\u00e9rieur enti\u00e8rement en tricot offre une respirabilit\u00e9 maximale et poss\u00e8de une structure sp\u00e9cifique pour un meilleur maintien pendant la course. Gr\u00e2ce \u00e0 la ceinture haute technologie qui est une extension de ce short int\u00e9rieur, tout reste en place m\u00eame lorsque vous acc\u00e9l\u00e9rez le rythme. Cordon de serrage\u00a0 afin que vous puissiez ajuster uniform\u00e9ment le short pour \u00eatre parfaitement \u00e0 l\u2019aise.<\/p>\n<p>La ceinture de trail enveloppante est faite en maillage \u00e9lastique et respirant, avec trois compartiments : tirez simplement l\u2019une des languettes facilement accessibles pour attraper vos indispensables pour le trail, tels que vos gels, votre t\u00e9l\u00e9phone ou votre gourde.<\/p>\n<p>La poche arri\u00e8re cach\u00e9e avec sa fermeture \u00e9clair invisible vous permet de stocker vos objets de valeur en toute s\u00e9curit\u00e9. La couche ext\u00e9rieure du short est faite \u00e0 partir d\u2019une membrane extr\u00eamement l\u00e9g\u00e8re \u00e0 s\u00e9chage rapide qui ne vous tirera pas vers le bas, avec une coupe ample pour une totale libert\u00e9 de mouvement et un look d\u00e9contract\u00e9 sur la piste.\u00a0 Test\u00e9 et valid\u00e9 sur tous les terrains, ce short est con\u00e7u pour r\u00e9duire au minimum les irritations et optimiser le fonctionnement et le maintien . Que vous partiez sur les pistes pour une course rapide ou que vous tentiez de repousser vos limites sur un trail en montagne exigeant, le short Trail Racing 2-In-1 est l\u2019option id\u00e9ale pour accumuler les kilom\u00e8tres et les d\u00e9nivel\u00e9s.<\/p>\n<div class=\"col-md-3\"><span class=\"d-block d-md-block text-center text-md-left\"><img decoding=\"async\" class=\"chart-table-img img-fluid\" src=\"https:\/\/www.compressport.com\/inter\/modules\/sizeconversion\/views\/img\/BOTTOM%20HOMME.png\" \/><\/span><\/div>\n<div class=\"col-md-9\">\n<div class=\"table-responsive-md\">\n<table id=\"chart_table_59\" class=\"table table-striped table-bordered text-center chart-table\">\n<thead class=\"thead-default\">\n<tr class=\"big_size\">\n<th><\/th>\n<th id=\"conversion_group_240\" colspan=\"1\">Gr\u00f6\u00dfe<\/th>\n<th id=\"conversion_group_241\" colspan=\"1\">H\u00fcften<\/th>\n<\/tr>\n<\/thead>\n<tbody>\n<tr class=\"chart-table-row\">\n<th class=\"cc-name\">XS<\/th>\n<td>70 - 75cm<\/td>\n<td>83 - 88cm<\/td>\n<\/tr>\n<tr class=\"chart-table-row\">\n<th class=\"cc-name\">S<\/th>\n<td>76 - 81cm<\/td>\n<td>89 - 94cm<\/td>\n<\/tr>\n<tr class=\"chart-table-row\">\n<th class=\"cc-name\">M<\/th>\n<td>82 - 87cm<\/td>\n<td>95 - 100cm<\/td>\n<\/tr>\n<tr class=\"chart-table-row\">\n<th class=\"cc-name\">L<\/th>\n<td>88 - 93cm<\/td>\n<td>101 - 106cm<\/td>\n<\/tr>\n<tr class=\"chart-table-row\">\n<th class=\"cc-name\">XL<\/th>\n<td>94 - 99cm<\/td>\n<td>107 - 112cm<\/td>\n<\/tr>\n<\/tbody>\n<\/table>\n<\/div>\n<div style=\"width: 960px;\" class=\"wp-video\"><video class=\"wp-video-shortcode\" id=\"video-37201-1\" width=\"960\" height=\"540\" preload=\"metadata\" controls=\"controls\"><source type=\"video\/mp4\" src=\"https:\/\/infinitri.be\/wp-content\/uploads\/2025\/03\/Trail-Racing-2-1-Short-M.mp4?_=1\" \/><a href=\"https:\/\/infinitri.be\/wp-content\/uploads\/2025\/03\/Trail-Racing-2-1-Short-M.mp4\">https:\/\/infinitri.be\/wp-content\/uploads\/2025\/03\/Trail-Racing-2-1-Short-M.mp4<\/a><\/video><\/div>\n<\/div>","protected":false},"excerpt":{"rendered":"<p>Le Compressport Trail Racing 2-In-1 Short est une combinaison l\u00e9g\u00e8re de short et de sur-short de trail running avec ceinture int\u00e9gr\u00e9e, parfaite pour votre prochain d\u00e9fi en montagne.<\/p>","protected":false},"featured_media":37234,"comment_status":"open","ping_status":"closed","template":"","meta":[],"product_brand":[329],"product_cat":[16,18],"product_tag":[],"class_list":{"0":"post-37201","1":"product","2":"type-product","3":"status-publish","4":"has-post-thumbnail","6":"product_brand-compressport","7":"product_cat-course","8":"product_cat-shorts-collants","9":"zank_product_brands-compressport","10":"nt-post-class","11":"","17":"first","18":"instock","19":"taxable","20":"shipping-taxable","21":"purchasable","22":"product-type-variable"},"_links":{"self":[{"href":"https:\/\/www.infinitri.be\/de\/wp-json\/wp\/v2\/product\/37201","targetHints":{"allow":["GET"]}}],"collection":[{"href":"https:\/\/www.infinitri.be\/de\/wp-json\/wp\/v2\/product"}],"about":[{"href":"https:\/\/www.infinitri.be\/de\/wp-json\/wp\/v2\/types\/product"}],"replies":[{"embeddable":true,"href":"https:\/\/www.infinitri.be\/de\/wp-json\/wp\/v2\/comments?post=37201"}],"wp:featuredmedia":[{"embeddable":true,"href":"https:\/\/www.infinitri.be\/de\/wp-json\/wp\/v2\/media\/37234"}],"wp:attachment":[{"href":"https:\/\/www.infinitri.be\/de\/wp-json\/wp\/v2\/media?parent=37201"}],"wp:term":[{"taxonomy":"product_brand","embeddable":true,"href":"https:\/\/www.infinitri.be\/de\/wp-json\/wp\/v2\/product_brand?post=37201"},{"taxonomy":"product_cat","embeddable":true,"href":"https:\/\/www.infinitri.be\/de\/wp-json\/wp\/v2\/product_cat?post=37201"},{"taxonomy":"product_tag","embeddable":true,"href":"https:\/\/www.infinitri.be\/de\/wp-json\/wp\/v2\/product_tag?post=37201"}],"curies":[{"name":"wp","href":"https:\/\/api.w.org\/{rel}","templated":true}]}}

Compressport Trail Racing 2-in-1-Shorts für Herren, grün camouflage

<p>Le nouveau boxer intérieur entièrement en tricot offre une respirabilité maximale et possède une structure spécifique pour un meilleur maintien pendant la course. Grâce à la ceinture haute technologie qui est une extension de ce short intérieur, tout reste en place même lorsque vous accélérez le rythme. Cordon de serrage  afin que vous puissiez ajuster uniformément le short pour être parfaitement à l’aise.</p>
<p>La ceinture de trail enveloppante est faite en maillage élastique et respirant, avec trois compartiments : tirez simplement l’une des languettes facilement accessibles pour attraper vos indispensables pour le trail, tels que vos gels, votre téléphone ou votre gourde.</p>
<p>La poche arrière cachée avec sa fermeture éclair invisible vous permet de stocker vos objets de valeur en toute sécurité. La couche extérieure du short est faite à partir d’une membrane extrêmement légère à séchage rapide qui ne vous tirera pas vers le bas, avec une coupe ample pour une totale liberté de mouvement et un look décontracté sur la piste.  Testé et validé sur tous les terrains, ce short est conçu pour réduire au minimum les irritations et optimiser le fonctionnement et le maintien . Que vous partiez sur les pistes pour une course rapide ou que vous tentiez de repousser vos limites sur un trail en montagne exigeant, le short Trail Racing 2-In-1 est l’option idéale pour accumuler les kilomètres et les dénivelés.</p>
<div class="col-md-3"><span class="d-block d-md-block text-center text-md-left"><img decoding="async" class="chart-table-img img-fluid" src="https://www.compressport.com/inter/modules/sizeconversion/views/img/BOTTOM%20HOMME.png" /></span></div>
<div class="col-md-9">
<div class="table-responsive-md">
<table id="chart_table_59" class="table table-striped table-bordered text-center chart-table">
<thead class="thead-default">
<tr class="big_size">
<th></th>
<th id="conversion_group_240" colspan="1">Größe</th>
<th id="conversion_group_241" colspan="1">Hüften</th>
</tr>
</thead>
<tbody>
<tr class="chart-table-row">
<th class="cc-name">XS</th>
<td>70 - 75cm</td>
<td>83 - 88cm</td>
</tr>
<tr class="chart-table-row">
<th class="cc-name">S</th>
<td>76 - 81cm</td>
<td>89 - 94cm</td>
</tr>
<tr class="chart-table-row">
<th class="cc-name">M</th>
<td>82 - 87cm</td>
<td>95 - 100cm</td>
</tr>
<tr class="chart-table-row">
<th class="cc-name">L</th>
<td>88 - 93cm</td>
<td>101 - 106cm</td>
</tr>
<tr class="chart-table-row">
<th class="cc-name">XL</th>
<td>94 - 99cm</td>
<td>107 - 112cm</td>
</tr>
</tbody>
</table>
</div>
<div style="width: 960px;" class="wp-video"><video class="wp-video-shortcode" id="video-37201-1" width="960" height="540" preload="metadata" controls="controls"><source type="video/mp4" src="https://infinitri.be/wp-content/uploads/2025/03/Trail-Racing-2-1-Short-M.mp4?_=1" /><a href="https://infinitri.be/wp-content/uploads/2025/03/Trail-Racing-2-1-Short-M.mp4">https://infinitri.be/wp-content/uploads/2025/03/Trail-Racing-2-1-Short-M.mp4</a></video></div>
</div>

<p>Le Compressport Trail Racing 2-In-1 Short est une combinaison légère de short et de sur-short de trail running avec ceinture intégrée, parfaite pour votre prochain défi en montagne.</p>
