{"id":31071,"date":"2025-12-26T15:05:23","date_gmt":"2025-12-26T15:05:23","guid":{"rendered":"https:\/\/www.infinitri.be\/?post_type=product&#038;p=31071"},"modified":"2026-04-04T17:34:02","modified_gmt":"2026-04-04T16:34:02","slug":"fusion-s1-run-jacket-homme-bleu-marine","status":"publish","type":"product","link":"https:\/\/www.infinitri.be\/es\/producto\/fusion-s1-run-jacket-homme-bleu-marine\/","title":{"rendered":"Chaqueta Fusion S1 Run para hombre, azul marino"},"content":{"rendered":"<p><!--themify_builder_static--><\/p>\n<h1 style=\"text-align: center\">Descripci\u00f3n \u2699<\/h1>\n<p style=\"text-align: left\">La MEN&#8217;S S1 RUN JACKET a \u00e9t\u00e9 con\u00e7ue pour \u00eatre utilis\u00e9e le plus longtemps possible dans le climat de l&#8217;Europe du Nord. Ni trop chaud, ni trop froid, mais juste assez protectrice pour que vous puissiez ajuster vous-m\u00eame l&#8217;isolation gr\u00e2ce aux couches que vous choisissez de porter en dessous.<\/p>\n<p style=\"text-align: left\">Cette veste mod\u00e9r\u00e9ment ajust\u00e9e est dot\u00e9e d&#8217;une fermeture \u00e0 glissi\u00e8re invers\u00e9e YKK de 4 mm \u00e0 usage intensif avec dos coupe-vent et d&#8217;une poche frontale \u00e0 fermeture \u00e0 glissi\u00e8re avec dos \u00e9lastique qui s&#8217;adapte au contenu de votre poche, comme votre t\u00e9l\u00e9phone et vos cartes.<\/p>\n<p style=\"text-align: left\">Des reflets 3M discrets mais efficaces sur le col, le dos et les bras assurent une visibilit\u00e9 \u00e0 360 degr\u00e9s dans l&#8217;obscurit\u00e9.<\/p>\n<p style=\"text-align: left\">Recommand\u00e9 pour la course \u00e0 pied &#8211; Coupe moyenne<\/p>\n<p><img fetchpriority=\"high\" decoding=\"async\" title=\"Mens-S1-run-jacket_0018_Black_4f_v3-4827970_750x\" src=\"https:\/\/infinitri.be\/wp-content\/uploads\/2023\/02\/Mens-S1-run-jacket_0018_Black_4f_v3-4827970_750x-545x545.webp\" alt=\"Mens-S1-run-jacket_0018_Black_4f_v3-4827970_750x\" width=\"545\" height=\"545\" \/><\/p>\n<h1>Especificaciones t\u00e9cnicas<\/h1>\n<ul>\n<li>A utiliser avec tout produit Fusion \u00e0 manches longues pour une protection suppl\u00e9mentaire par mauvais temps<\/li>\n<li>Detalles reflectantes en la parte delantera y trasera de los hombros y en la zona lumbar<\/li>\n<li>Poche poitrine pour t\u00e9l\u00e9phone et cl\u00e9s<\/li>\n<li>Doublure de col douce et respirante pour plus de confort<\/li>\n<li>Tissu coupe-vent et d\u00e9perlant, produit au Royaume-Uni.<\/li>\n<li>Fabricado en Europa en la f\u00e1brica FUSION.<\/li>\n<li>Produit certifi\u00e9 STANDARD 100 par OEKO-TEX\u00ae. Cela signifie que tous les composants, tels que les tissus, les fils, les transferts, les fermetures \u00e9clair, les \u00e9lastiques, les \u00e9tiquettes, etc., sont test\u00e9s et approuv\u00e9s conform\u00e9ment \u00e0 la norme et ne contiennent donc pas de substances nocives<\/li>\n<\/ul>\n<p>&nbsp;<\/p>\n<p>PROTECCI\u00d3N CONTRA EL VIENTO \u2605\u2605\u2605\u2605\u2605<\/p>\n<p>&nbsp;<\/p>\n<p>PROTECCI\u00d3N CONTRA LA LLUVIA \u2605\u2605\u2605\u2605\u2605<\/p>\n<p>&nbsp;<\/p>\n<p style=\"text-align: center\">LUZ \u2605\u2605\u2605\u2605<\/p>\n<p>&nbsp;<\/p>\n<p>COUPE AJUST\u00c9E \u2605\u2605<\/p>\n<p>&nbsp;<\/p>\n<p>NIVEL DE COMPRESI\u00d3N \u2605<\/p>\n<h1 style=\"text-align: center\">Material \ud83d\udc56<\/h1>\n<p style=\"text-align: left\">Parte delantera: poli\u00e9ster 81%, elastano 19%. Membrana: 100% poli\u00e9ster.<\/p>\n<p style=\"text-align: left\">Espalda: 77 % poliamida, 23 % elast\u00e1n.<\/p>\n<p style=\"text-align: left\">Uso de 5\u00b0C a 5\u00b0C<\/p>\n<p><img decoding=\"async\" title=\"Mens-S1-run-jacket_0018_Black_7f_v2-3870721_750x\" src=\"https:\/\/infinitri.be\/wp-content\/uploads\/2023\/02\/Mens-S1-run-jacket_0018_Black_7f_v2-3870721_750x-545x545.webp\" alt=\"Mens-S1-run-jacket_0018_Black_7f_v2-3870721_750x\" width=\"545\" height=\"545\" \/><br \/>\n<img decoding=\"async\" title=\"Mens-S1-run-jacket_0018_Black_6d_v1-4827968_750x\" src=\"https:\/\/infinitri.be\/wp-content\/uploads\/2023\/02\/Mens-S1-run-jacket_0018_Black_6d_v1-4827968_750x-545x545.webp\" alt=\"Mens-S1-run-jacket_0018_Black_6d_v1-4827968_750x\" width=\"545\" height=\"545\" \/><\/p>\n<h1 style=\"text-align: center\">Consejos de mantenimiento \ud83d\udca1<\/h1>\n<p>L\u00e1velo antes de usarlo por primera vez. Si a\u00f1ade un poco de vinagre durante el primer lavado, el color se mantendr\u00e1 m\u00e1s claro y durar\u00e1 m\u00e1s tiempo.<\/p>\n<p>Lave su prenda deportiva a una temperatura m\u00e1xima de 40 \u00b0C. No utilice detergente ni lej\u00eda.<\/p>\n<p>El uso de detergente limitar\u00e1 el transporte de humedad del producto.<\/p>\n<p>Seca tu prenda deportiva FUSION al aire libre. No la metas en la secadora.<\/p>\n<p>Ten cuidado con los objetos puntiagudos, los bordes y las tiras de velcro de mochilas, cinturones y otros objetos que rozan la tela y las costuras de tu prenda. Esto puede rasgar la tela y las costuras de tu prenda deportiva FUSION.<\/p>\n<h1 style=\"text-align: center\">\u00bfCu\u00e1l es mi talla?<\/h1>\n<p><img decoding=\"async\" title=\"s1-run-jacket-homme-size\" src=\"https:\/\/infinitri.be\/wp-content\/uploads\/2023\/02\/s1-run-jacket-homme-size.png\" alt=\"s1-run-jacket-homme-size\" \/><br \/>\n<img loading=\"lazy\" decoding=\"async\" title=\"fusi\u00f3n-logotipo-ampliado\" src=\"https:\/\/infinitri.be\/wp-content\/uploads\/2023\/01\/fusion-logo-expanded.svg\" alt=\"fusion-logo-expanded\" width=\"545\" height=\"545\" \/><!--\/themify_builder_static--><\/p>","protected":false},"excerpt":{"rendered":"<p>Veste coupe-vent et d\u00e9perlante pour une protection suppl\u00e9mentaire lors des courses par mauvais temps. Veste de course classique avec panneaux de ventilation efficaces.<\/p>","protected":false},"featured_media":31073,"comment_status":"open","ping_status":"closed","template":"","meta":[],"product_brand":[331],"product_cat":[16,29],"product_tag":[],"class_list":{"0":"post-31071","1":"product","2":"type-product","3":"status-publish","4":"has-post-thumbnail","6":"product_brand-fusion","7":"product_cat-course","8":"product_cat-vestes-et-t-shirts","9":"zank_product_brands-fusion","10":"nt-post-class","11":"","17":"first","18":"instock","19":"sale","20":"taxable","21":"shipping-taxable","22":"purchasable","23":"product-type-variable"},"_links":{"self":[{"href":"https:\/\/www.infinitri.be\/es\/wp-json\/wp\/v2\/product\/31071","targetHints":{"allow":["GET"]}}],"collection":[{"href":"https:\/\/www.infinitri.be\/es\/wp-json\/wp\/v2\/product"}],"about":[{"href":"https:\/\/www.infinitri.be\/es\/wp-json\/wp\/v2\/types\/product"}],"replies":[{"embeddable":true,"href":"https:\/\/www.infinitri.be\/es\/wp-json\/wp\/v2\/comments?post=31071"}],"wp:featuredmedia":[{"embeddable":true,"href":"https:\/\/www.infinitri.be\/es\/wp-json\/wp\/v2\/media\/31073"}],"wp:attachment":[{"href":"https:\/\/www.infinitri.be\/es\/wp-json\/wp\/v2\/media?parent=31071"}],"wp:term":[{"taxonomy":"product_brand","embeddable":true,"href":"https:\/\/www.infinitri.be\/es\/wp-json\/wp\/v2\/product_brand?post=31071"},{"taxonomy":"product_cat","embeddable":true,"href":"https:\/\/www.infinitri.be\/es\/wp-json\/wp\/v2\/product_cat?post=31071"},{"taxonomy":"product_tag","embeddable":true,"href":"https:\/\/www.infinitri.be\/es\/wp-json\/wp\/v2\/product_tag?post=31071"}],"curies":[{"name":"wp","href":"https:\/\/api.w.org\/{rel}","templated":true}]}}

<p><!--themify_builder_static--></p>
<h1 style="text-align: center">Descripción ⚙</h1>
<p style="text-align: left">La MEN&#8217;S S1 RUN JACKET a été conçue pour être utilisée le plus longtemps possible dans le climat de l&#8217;Europe du Nord. Ni trop chaud, ni trop froid, mais juste assez protectrice pour que vous puissiez ajuster vous-même l&#8217;isolation grâce aux couches que vous choisissez de porter en dessous.</p>
<p style="text-align: left">Cette veste modérément ajustée est dotée d&#8217;une fermeture à glissière inversée YKK de 4 mm à usage intensif avec dos coupe-vent et d&#8217;une poche frontale à fermeture à glissière avec dos élastique qui s&#8217;adapte au contenu de votre poche, comme votre téléphone et vos cartes.</p>
<p style="text-align: left">Des reflets 3M discrets mais efficaces sur le col, le dos et les bras assurent une visibilité à 360 degrés dans l&#8217;obscurité.</p>
<p style="text-align: left">Recommandé pour la course à pied &#8211; Coupe moyenne</p>
<p><img fetchpriority="high" decoding="async" title="Mens-S1-run-jacket_0018_Black_4f_v3-4827970_750x" src="https://infinitri.be/wp-content/uploads/2023/02/Mens-S1-run-jacket_0018_Black_4f_v3-4827970_750x-545x545.webp" alt="Mens-S1-run-jacket_0018_Black_4f_v3-4827970_750x" width="545" height="545" /></p>
<h1>Especificaciones técnicas</h1>
<ul>
<li>A utiliser avec tout produit Fusion à manches longues pour une protection supplémentaire par mauvais temps</li>
<li>Detalles reflectantes en la parte delantera y trasera de los hombros y en la zona lumbar</li>
<li>Poche poitrine pour téléphone et clés</li>
<li>Doublure de col douce et respirante pour plus de confort</li>
<li>Tissu coupe-vent et déperlant, produit au Royaume-Uni.</li>
<li>Fabricado en Europa en la fábrica FUSION.</li>
<li>Produit certifié STANDARD 100 par OEKO-TEX®. Cela signifie que tous les composants, tels que les tissus, les fils, les transferts, les fermetures éclair, les élastiques, les étiquettes, etc., sont testés et approuvés conformément à la norme et ne contiennent donc pas de substances nocives</li>
</ul>
<p>&nbsp;</p>
<p>PROTECCIÓN CONTRA EL VIENTO ★★★★★</p>
<p>&nbsp;</p>
<p>PROTECCIÓN CONTRA LA LLUVIA ★★★★★</p>
<p>&nbsp;</p>
<p style="text-align: center">LUZ ★★★★</p>
<p>&nbsp;</p>
<p>COUPE AJUSTÉE ★★</p>
<p>&nbsp;</p>
<p>NIVEL DE COMPRESIÓN ★</p>
<h1 style="text-align: center">Material 👖</h1>
<p style="text-align: left">Parte delantera: poliéster 81%, elastano 19%. Membrana: 100% poliéster.</p>
<p style="text-align: left">Espalda: 77 % poliamida, 23 % elastán.</p>
<p style="text-align: left">Uso de 5°C a 5°C</p>
<p><img decoding="async" title="Mens-S1-run-jacket_0018_Black_7f_v2-3870721_750x" src="https://infinitri.be/wp-content/uploads/2023/02/Mens-S1-run-jacket_0018_Black_7f_v2-3870721_750x-545x545.webp" alt="Mens-S1-run-jacket_0018_Black_7f_v2-3870721_750x" width="545" height="545" /><br />
<img decoding="async" title="Mens-S1-run-jacket_0018_Black_6d_v1-4827968_750x" src="https://infinitri.be/wp-content/uploads/2023/02/Mens-S1-run-jacket_0018_Black_6d_v1-4827968_750x-545x545.webp" alt="Mens-S1-run-jacket_0018_Black_6d_v1-4827968_750x" width="545" height="545" /></p>
<h1 style="text-align: center">Consejos de mantenimiento 💡</h1>
<p>Lávelo antes de usarlo por primera vez. Si añade un poco de vinagre durante el primer lavado, el color se mantendrá más claro y durará más tiempo.</p>
<p>Lave su prenda deportiva a una temperatura máxima de 40 °C. No utilice detergente ni lejía.</p>
<p>El uso de detergente limitará el transporte de humedad del producto.</p>
<p>Seca tu prenda deportiva FUSION al aire libre. No la metas en la secadora.</p>
<p>Ten cuidado con los objetos puntiagudos, los bordes y las tiras de velcro de mochilas, cinturones y otros objetos que rozan la tela y las costuras de tu prenda. Esto puede rasgar la tela y las costuras de tu prenda deportiva FUSION.</p>
<h1 style="text-align: center">¿Cuál es mi talla?</h1>
<p><img decoding="async" title="s1-run-jacket-homme-size" src="https://infinitri.be/wp-content/uploads/2023/02/s1-run-jacket-homme-size.png" alt="s1-run-jacket-homme-size" /><br />
<img loading="lazy" decoding="async" title="fusión-logotipo-ampliado" src="https://infinitri.be/wp-content/uploads/2023/01/fusion-logo-expanded.svg" alt="fusion-logo-expanded" width="545" height="545" /><!--/themify_builder_static--></p>

<p>Veste coupe-vent et déperlante pour une protection supplémentaire lors des courses par mauvais temps. Veste de course classique avec panneaux de ventilation efficaces.</p>
