{"id":29110,"date":"2025-12-25T17:06:09","date_gmt":"2025-12-25T17:06:09","guid":{"rendered":"https:\/\/www.infinitri.be\/?post_type=product&#038;p=29110"},"modified":"2026-04-04T17:32:48","modified_gmt":"2026-04-04T16:32:48","slug":"compressport-bandeau","status":"publish","type":"product","link":"https:\/\/www.infinitri.be\/it\/prodotto\/compressport-bandeau\/","title":{"rendered":"Compressport \u2013 fascia"},"content":{"rendered":"<p><!--themify_builder_static--><\/p>\n<h1 style=\"text-align: center\">Descrizione \u2699<\/h1>\n<p style=\"text-align: left\">La fascia sottile On\/Off incorpora una tecnologia di ventilazione ottimale in una fascia da corsa sottile ed elegante. Pi\u00f9 sottile del modello classico, la fascia nera offre un look elegante e contemporaneo. Il suo tessuto elasticizzato e senza cuciture \u00e8 progettato per una termoregolazione e un comfort ultra-efficienti durante l'allenamento e la corsa, grazie alla ventilazione integrata. La tecnologia on\/off offre una ventilazione completa per garantire una rapida eliminazione del sudore. Il materiale \u00e8 idrofobico e si asciuga fino a 7 volte pi\u00f9 velocemente rispetto alle fasce tradizionali, per mantenere la testa fresca in condizioni di caldo.<\/p>\n<p><img fetchpriority=\"high\" decoding=\"async\" src=\"https:\/\/infinitri.be\/wp-content\/uploads\/2023\/02\/trail-running-headband-1-545x545.jpg\" width=\"545\" height=\"545\" title=\"fascia da trail-running (1)\" alt=\"trail-running-headband (1)\" \/><\/p>\n<h1>Specifiche tecniche<\/h1>\n<p>Massima termoregolazione grazie alla microfibra traforata che elimina rapidamente il sudore e l'umidit\u00e0 per mantenere la testa asciutta e fresca.<br \/>Vestibilit\u00e0 comoda ed ergonomica grazie alle fibre morbide e ultra elastiche che si adattano perfettamente a tutte le forme della testa.<br \/>Tessuto in microfibra eccezionalmente leggero che quasi non si sente quando lo si indossa<br \/>\n    <em style=\"color:#000000\"><\/em> <\/p>\n<p style=\"text-align: left\">LEGGERZZA \u2605\u2605\u2605<\/p>\n<p>    <em style=\"color:#000000\"><\/em> <\/p>\n<p>TERMOREGOLAZIONE \u2605\u2605\u2605<\/p>\n<h1 style=\"text-align: center\">Materiale \ud83d\udc56<\/h1>\n<p>91% Poliammide, 8% Elastan, 1% Polipropilene<\/p>\n<p><img decoding=\"async\" src=\"https:\/\/www.compressport.com\/inter\/img\/prods_entretien.png\" \/><\/p>\n<p><img decoding=\"async\" src=\"https:\/\/infinitri.be\/wp-content\/uploads\/2023\/02\/headband-on-off-persian-red-1-545x545.jpg\" width=\"545\" height=\"545\" title=\"fascia-su-periferia-rossa (1)\" alt=\"headband-on-off-persian-red (1)\" \/><br \/>\n<img decoding=\"async\" src=\"https:\/\/infinitri.be\/wp-content\/uploads\/2023\/02\/headband-on-off-light-blue-545x545.jpg\" width=\"545\" height=\"545\" title=\"archetto-spento-blu chiaro\" alt=\"headband-on-off-light-blue\" \/><\/p>\n<h1 style=\"text-align: center\">Maggiori informazioni\ud83d\udca1<\/h1>\n<p>Le fibre ultra morbide ed elastiche si adattano ai contorni della testa e delle orecchie senza creare fastidiosi punti di pressione. Gli occhi e la fronte sono protetti dal sudore e dai capelli ribelli. La fascia pu\u00f2 essere indossata anche sotto un passamontagna o un casco senza alcun rischio di sfregamento o irritazione. Altezza del prodotto: 7,5 cm<\/p>\n<section><\/section>\n<p><!--\/themify_builder_static--><\/p>","protected":false},"excerpt":{"rendered":"<p>Bandeau \u00e9troit et ultra l\u00e9ger en microfibre noire pour une \u00e9vacuation optimale de la transpiration en cas de forte chaleur. Hauteur du produit : 7,5 cm<\/p>","protected":false},"featured_media":29179,"comment_status":"open","ping_status":"closed","template":"","meta":[],"product_brand":[329],"product_cat":[40,156,16,59],"product_tag":[],"class_list":{"0":"post-29110","1":"product","2":"type-product","3":"status-publish","4":"has-post-thumbnail","6":"product_brand-compressport","7":"product_cat-accessoires","8":"product_cat-casquettes-visieres-headband","9":"product_cat-course","10":"product_cat-triathlon","11":"zank_product_brands-compressport","12":"nt-post-class","13":"","19":"first","20":"instock","21":"taxable","22":"shipping-taxable","23":"purchasable","24":"product-type-variable"},"_links":{"self":[{"href":"https:\/\/www.infinitri.be\/it\/wp-json\/wp\/v2\/product\/29110","targetHints":{"allow":["GET"]}}],"collection":[{"href":"https:\/\/www.infinitri.be\/it\/wp-json\/wp\/v2\/product"}],"about":[{"href":"https:\/\/www.infinitri.be\/it\/wp-json\/wp\/v2\/types\/product"}],"replies":[{"embeddable":true,"href":"https:\/\/www.infinitri.be\/it\/wp-json\/wp\/v2\/comments?post=29110"}],"wp:featuredmedia":[{"embeddable":true,"href":"https:\/\/www.infinitri.be\/it\/wp-json\/wp\/v2\/media\/29179"}],"wp:attachment":[{"href":"https:\/\/www.infinitri.be\/it\/wp-json\/wp\/v2\/media?parent=29110"}],"wp:term":[{"taxonomy":"product_brand","embeddable":true,"href":"https:\/\/www.infinitri.be\/it\/wp-json\/wp\/v2\/product_brand?post=29110"},{"taxonomy":"product_cat","embeddable":true,"href":"https:\/\/www.infinitri.be\/it\/wp-json\/wp\/v2\/product_cat?post=29110"},{"taxonomy":"product_tag","embeddable":true,"href":"https:\/\/www.infinitri.be\/it\/wp-json\/wp\/v2\/product_tag?post=29110"}],"curies":[{"name":"wp","href":"https:\/\/api.w.org\/{rel}","templated":true}]}}

<p><!--themify_builder_static--></p>
<h1 style="text-align: center">Descrizione ⚙</h1>
<p style="text-align: left">La fascia sottile On/Off incorpora una tecnologia di ventilazione ottimale in una fascia da corsa sottile ed elegante. Più sottile del modello classico, la fascia nera offre un look elegante e contemporaneo. Il suo tessuto elasticizzato e senza cuciture è progettato per una termoregolazione e un comfort ultra-efficienti durante l'allenamento e la corsa, grazie alla ventilazione integrata. La tecnologia on/off offre una ventilazione completa per garantire una rapida eliminazione del sudore. Il materiale è idrofobico e si asciuga fino a 7 volte più velocemente rispetto alle fasce tradizionali, per mantenere la testa fresca in condizioni di caldo.</p>
<p><img fetchpriority="high" decoding="async" src="https://infinitri.be/wp-content/uploads/2023/02/trail-running-headband-1-545x545.jpg" width="545" height="545" title="fascia da trail-running (1)" alt="trail-running-headband (1)" /></p>
<h1>Specifiche tecniche</h1>
<p>Massima termoregolazione grazie alla microfibra traforata che elimina rapidamente il sudore e l'umidità per mantenere la testa asciutta e fresca.<br />Vestibilità comoda ed ergonomica grazie alle fibre morbide e ultra elastiche che si adattano perfettamente a tutte le forme della testa.<br />Tessuto in microfibra eccezionalmente leggero che quasi non si sente quando lo si indossa<br />
    <em style="color:#000000"></em> </p>
<p style="text-align: left">LEGGERZZA ★★★</p>
<p>    <em style="color:#000000"></em> </p>
<p>TERMOREGOLAZIONE ★★★</p>
<h1 style="text-align: center">Materiale 👖</h1>
<p>91% Poliammide, 8% Elastan, 1% Polipropilene</p>
<p><img decoding="async" src="https://www.compressport.com/inter/img/prods_entretien.png" /></p>
<p><img decoding="async" src="https://infinitri.be/wp-content/uploads/2023/02/headband-on-off-persian-red-1-545x545.jpg" width="545" height="545" title="fascia-su-periferia-rossa (1)" alt="headband-on-off-persian-red (1)" /><br />
<img decoding="async" src="https://infinitri.be/wp-content/uploads/2023/02/headband-on-off-light-blue-545x545.jpg" width="545" height="545" title="archetto-spento-blu chiaro" alt="headband-on-off-light-blue" /></p>
<h1 style="text-align: center">Maggiori informazioni💡</h1>
<p>Le fibre ultra morbide ed elastiche si adattano ai contorni della testa e delle orecchie senza creare fastidiosi punti di pressione. Gli occhi e la fronte sono protetti dal sudore e dai capelli ribelli. La fascia può essere indossata anche sotto un passamontagna o un casco senza alcun rischio di sfregamento o irritazione. Altezza del prodotto: 7,5 cm</p>
<section></section>
<p><!--/themify_builder_static--></p>

<p>Bandeau étroit et ultra léger en microfibre noire pour une évacuation optimale de la transpiration en cas de forte chaleur. Hauteur du produit : 7,5 cm</p>
