{"id":29188,"date":"2025-12-25T17:11:29","date_gmt":"2025-12-25T17:11:29","guid":{"rendered":"https:\/\/www.infinitri.be\/?post_type=product&#038;p=29188"},"modified":"2026-04-04T17:32:40","modified_gmt":"2026-04-04T16:32:40","slug":"compressport-r2-aero","status":"publish","type":"product","link":"https:\/\/www.infinitri.be\/it\/prodotto\/compressport-r2-aero\/","title":{"rendered":"Compressport - R2 Aero"},"content":{"rendered":"<p><!--themify_builder_static--><\/p>\n<h1 style=\"text-align: center\">Descrizione \u2699<\/h1>\n<p>Non \u00e8 un segreto che la nostra manica a compressione R2v2 abbia rivoluzionato l'abbigliamento sportivo, stabilendo un nuovo standard e conquistando numerosi podi. La nostra manica R2 Aero va ancora oltre. Sviluppata in una galleria del vento utilizzata dai team di Formula 1, \u00e8 la nostra manica a compressione pi\u00f9 aerodinamica, progettata per gli eventi ciclistici ad alta velocit\u00e0. La combinazione delle nostre esclusive Aero.Stripes e Aero.Dots crea micro-turbolenze nella parte anteriore del polpaccio e riduce la resistenza, mentre le strisce di ventilazione sul retro vi mantengono freschi anche quando il caldo si fa sentire. E poich\u00e9 si tratta di un manicotto R2, abbiamo fatto in modo che offra il massimo comfort e sostegno.\u00a0\u00a0<br \/>\n<img fetchpriority=\"high\" decoding=\"async\" src=\"https:\/\/infinitri.be\/wp-content\/uploads\/2023\/02\/r2-aero-black-545x545.jpg\" width=\"545\" height=\"545\" title=\"r2-aero-nero\" alt=\"r2-aero-black\" \/><\/p>\n<h1>Specifiche tecniche<\/h1>\n<p>Prestazioni aerodinamiche comprovate grazie alle bande aerodinamiche e alla tecnologia aero.dots che riducono la resistenza aerodinamica e aumentano la velocit\u00e0Tessuto ultraleggero intorno al polpaccio per una ventilazione ad alte prestazioni e il comfort nelle gare pi\u00f9 caldeSupporto muscolare di alto livello per i polpacci, che riduce il rischio di lesioni e crampi grazie a una compressione mirata a 360 gradi<br \/>\n    <em style=\"color:#000000\"><\/em><\/p>\n<p style=\"text-align: left\">ASSORBIMENTO DEGLI URTI \u2605<\/p>\n<p>    <em style=\"color:#000000\"><\/em>COMPRESSIONE \u2605<\/p>\n<p>    <em style=\"color:#000000\"><\/em><\/p>\n<p style=\"text-align: left\">LEGERETE \u2605\u2605\u2605\u2605<\/p>\n<p>    <em style=\"color:#000000\"><\/em>TERMOREGOLAZIONE \u2605\u2605\u2605<\/p>\n<h1 style=\"text-align: center\">Materiale \ud83d\udc56<\/h1>\n<p>36% Poliammide multifilamento 35% Elastan 29% Poliammide<img decoding=\"async\" src=\"https:\/\/www.compressport.com\/inter\/img\/prods_entretien.png\" \/><\/p>\n<p><img decoding=\"async\" src=\"https:\/\/infinitri.be\/wp-content\/uploads\/2023\/02\/pro-racing-socks-v4-ultralight-run-high-white-alloy-545x545.jpg\" width=\"545\" height=\"545\" title=\"calzini pro-racing-v4-ultralight-run-alto-bianco-lega\" alt=\"pro-racing-socks-v4-ultralight-run-high-white-alloy\" \/><br \/>\n<img decoding=\"async\" src=\"https:\/\/infinitri.be\/wp-content\/uploads\/2023\/02\/r2-aero-black-1-545x545.jpg\" width=\"545\" height=\"545\" title=\"r2-aero-nero (1)\" alt=\"r2-aero-black (1)\" \/><\/p>\n<h1 style=\"text-align: center\">Maggiori informazioni\ud83d\udca1<\/h1>\n<p style=\"text-align: left\">Messo alla prova, il manicotto R2 Aero ha dimostrato un guadagno di potenza di sette-otto watt rispetto al ciclismo senza manicotto. Sulle lunghe distanze, come i 180 km che si percorrono facendo girare i pedali durante un Ironman\u00ae, non si risparmiano solo secondi, ma minuti. E quando ogni secondo \u00e8 importante, un minuto \u00e8 molto.<\/p>\n<p><!--\/themify_builder_static--><\/p>","protected":false},"excerpt":{"rendered":"<p>La nostra iconica guaina compressiva R2V2, ridisegnata per un'aerodinamica senza pari. Niente vi rallenter\u00e0.<\/p>","protected":false},"featured_media":29193,"comment_status":"open","ping_status":"closed","template":"","meta":[],"product_brand":[329],"product_cat":[40,155,16,59],"product_tag":[],"class_list":{"0":"post-29188","1":"product","2":"type-product","3":"status-publish","4":"has-post-thumbnail","6":"product_brand-compressport","7":"product_cat-accessoires","8":"product_cat-compression","9":"product_cat-course","10":"product_cat-triathlon","11":"zank_product_brands-compressport","12":"nt-post-class","13":"","19":"first","20":"instock","21":"taxable","22":"shipping-taxable","23":"purchasable","24":"product-type-variable"},"_links":{"self":[{"href":"https:\/\/www.infinitri.be\/it\/wp-json\/wp\/v2\/product\/29188","targetHints":{"allow":["GET"]}}],"collection":[{"href":"https:\/\/www.infinitri.be\/it\/wp-json\/wp\/v2\/product"}],"about":[{"href":"https:\/\/www.infinitri.be\/it\/wp-json\/wp\/v2\/types\/product"}],"replies":[{"embeddable":true,"href":"https:\/\/www.infinitri.be\/it\/wp-json\/wp\/v2\/comments?post=29188"}],"wp:featuredmedia":[{"embeddable":true,"href":"https:\/\/www.infinitri.be\/it\/wp-json\/wp\/v2\/media\/29193"}],"wp:attachment":[{"href":"https:\/\/www.infinitri.be\/it\/wp-json\/wp\/v2\/media?parent=29188"}],"wp:term":[{"taxonomy":"product_brand","embeddable":true,"href":"https:\/\/www.infinitri.be\/it\/wp-json\/wp\/v2\/product_brand?post=29188"},{"taxonomy":"product_cat","embeddable":true,"href":"https:\/\/www.infinitri.be\/it\/wp-json\/wp\/v2\/product_cat?post=29188"},{"taxonomy":"product_tag","embeddable":true,"href":"https:\/\/www.infinitri.be\/it\/wp-json\/wp\/v2\/product_tag?post=29188"}],"curies":[{"name":"wp","href":"https:\/\/api.w.org\/{rel}","templated":true}]}}

<p><!--themify_builder_static--></p>
<h1 style="text-align: center">Descrizione ⚙</h1>
<p>Non è un segreto che la nostra manica a compressione R2v2 abbia rivoluzionato l'abbigliamento sportivo, stabilendo un nuovo standard e conquistando numerosi podi. La nostra manica R2 Aero va ancora oltre. Sviluppata in una galleria del vento utilizzata dai team di Formula 1, è la nostra manica a compressione più aerodinamica, progettata per gli eventi ciclistici ad alta velocità. La combinazione delle nostre esclusive Aero.Stripes e Aero.Dots crea micro-turbolenze nella parte anteriore del polpaccio e riduce la resistenza, mentre le strisce di ventilazione sul retro vi mantengono freschi anche quando il caldo si fa sentire. E poiché si tratta di un manicotto R2, abbiamo fatto in modo che offra il massimo comfort e sostegno.  <br />
<img fetchpriority="high" decoding="async" src="https://infinitri.be/wp-content/uploads/2023/02/r2-aero-black-545x545.jpg" width="545" height="545" title="r2-aero-nero" alt="r2-aero-black" /></p>
<h1>Specifiche tecniche</h1>
<p>Prestazioni aerodinamiche comprovate grazie alle bande aerodinamiche e alla tecnologia aero.dots che riducono la resistenza aerodinamica e aumentano la velocitàTessuto ultraleggero intorno al polpaccio per una ventilazione ad alte prestazioni e il comfort nelle gare più caldeSupporto muscolare di alto livello per i polpacci, che riduce il rischio di lesioni e crampi grazie a una compressione mirata a 360 gradi<br />
    <em style="color:#000000"></em></p>
<p style="text-align: left">ASSORBIMENTO DEGLI URTI ★</p>
<p>    <em style="color:#000000"></em>COMPRESSIONE ★</p>
<p>    <em style="color:#000000"></em></p>
<p style="text-align: left">LEGERETE ★★★★</p>
<p>    <em style="color:#000000"></em>TERMOREGOLAZIONE ★★★</p>
<h1 style="text-align: center">Materiale 👖</h1>
<p>36% Poliammide multifilamento 35% Elastan 29% Poliammide<img decoding="async" src="https://www.compressport.com/inter/img/prods_entretien.png" /></p>
<p><img decoding="async" src="https://infinitri.be/wp-content/uploads/2023/02/pro-racing-socks-v4-ultralight-run-high-white-alloy-545x545.jpg" width="545" height="545" title="calzini pro-racing-v4-ultralight-run-alto-bianco-lega" alt="pro-racing-socks-v4-ultralight-run-high-white-alloy" /><br />
<img decoding="async" src="https://infinitri.be/wp-content/uploads/2023/02/r2-aero-black-1-545x545.jpg" width="545" height="545" title="r2-aero-nero (1)" alt="r2-aero-black (1)" /></p>
<h1 style="text-align: center">Maggiori informazioni💡</h1>
<p style="text-align: left">Messo alla prova, il manicotto R2 Aero ha dimostrato un guadagno di potenza di sette-otto watt rispetto al ciclismo senza manicotto. Sulle lunghe distanze, come i 180 km che si percorrono facendo girare i pedali durante un Ironman®, non si risparmiano solo secondi, ma minuti. E quando ogni secondo è importante, un minuto è molto.</p>
<p><!--/themify_builder_static--></p>

<p>La nostra iconica guaina compressiva R2V2, ridisegnata per un'aerodinamica senza pari. Niente vi rallenterà.</p>
